3688265. Give v(175).
35
Let q(h) = -h**3 - 18*h**2 + 143*h + 507. What is q(-20)?
-1553
Let p(b) = -1856477*b - 27847175. What is p(-15)?
-20
Let j(b) = -19*b**2 - 3*b + 1. What is j(-5)?
-459
Let g(r) = -3769*r - 606806. What is g(-161)?
3
Let h(q) = q**3 - 778*q**2 - 25905*q + 462. Give h(-32).
-18
Let x(t) = -9092*t**2 + 1336522*t + 300. What is x(147)?
6
Let n(h) = 13*h**2 - 103*h - 243. Give n(-2).
15
Let o(s) = -21288*s + 191611. Give o(9).
19
Let t(s) = s**3 + 192*s**2 + 925*s - 1059. Calculate t(-187).
811
Let d(r) = 2641*r + 18390. Calculate d(-7).
-97
Let z(f) = -4*f**2 - 220*f + 298. Give z(-32).
3242
Let i(d) = -18*d**2 + 338*d + 10227. Determine i(35).
7
Let j(w) = -67886*w - 271463. What is j(-4)?
81
Let o(x) = 455*x - 9453. Determine o(20).
-353
Let y(u) = u**2 + 20*u - 207. What is y(-9)?
-306
Let c(f) = f**3 - 299*f**2 - 1929*f - 595. Calculate c(-6).
-1
Let h(v) = 2*v**3 + 254*v**2 + 541*v + 5103. What is h(-125)?
-22
Let l(p) = -p**3 - 289*p**2 + 1178*p + 1461. Determine l(-293).
-297
Let h(r) = -4*r**3 - r**2 - 955*r - 3863. Calculate h(-4).
197
Let o(l) = -l**3 - 26*l**2 + 172*l - 1476. What is o(-32)?
-836
Let j(m) = -36*m + 423. Determine j(10).
63
Let n(o) = o**3 - 41*o**2 + 649*o - 1609. Give n(3).
-4
Let r(j) = -8*j**3 + 1742*j**2 + 2192*j - 440. Give r(219).
-2
Let p(w) = -53*w**2 - 185*w + 13. Give p(-4).
-95
Let w(s) = s**3 + 126*s**2 + 149*s + 2987. Calculate w(-125).
-13
Let d(b) = 259*b - 2498. Calculate d(10).
92
Let t(d) = -21083*d - 2108304. Calculate t(-100).
-4
Let t(w) = -59287*w - 118445. Give t(-2).
129
Let l(z) = -257*z**2 - 1858*z - 407. Determine l(-7).
6
Let n(z) = z**3 - 182*z**2 + 1702*z + 956. What is n(172)?
-2140
Let o(h) = h**2 + 1461*h + 130362. Calculate o(-96).
-678
Let a(j) = j**3 + 26*j**2 + 49*j - 60. Calculate a(0).
-60
Let a(i) = -77*i**3 - 33*i**2 - 108*i - 88. Determine a(-2).
612
Let i(t) = 29*t - 2582. Give i(184).
2754
Let x(h) = 2*h**2 - 121*h + 677. What is x(49)?
-450
Let x(q) = -q**2 - 376*q - 5261. Give x(-14).
-193
Let n(o) = 660*o - 42008. Determine n(68).
2872
Let j(z) = 145*z - 12930. Determine j(91).
265
Let t(p) = p**2 + 146632*p + 733142. What is t(-5)?
7
Let b(c) = -135*c - 12558. What is b(-91)?
-273
Let k(n) = n**3 + 66*n**2 + 178*n + 369. Calculate k(-63).
1062
Let h(i) = 126*i - 18686. What is h(148)?
-38
Let g(y) = 75*y**2 + 723*y + 1441. What is g(-2)?
295
Let p(s) = -s**3 + 125*s**2 + 283*s - 19744. Determine p(126).
38
Let h(j) = 3711*j + 40541. Calculate h(-11).
-280
Let i(p) = -p**2 - 59926*p + 419538. Calculate i(7).
7
Let x(p) = 1865*p - 115614. What is x(62)?
16
Let x(s) = -34118*s - 5731831. Give x(-168).
-7
Let m(h) = -3*h**2 - 2563*h - 5107. What is m(-2)?
7
Let i(v) = -v**3 + 87*v**2 + 255*v + 1403. Calculate i(90).
53
Let y(g) = 8887*g - 8522627. Calculate y(959).
6
Let u(d) = 3*d**2 + 201*d + 652. What is u(0)?
652
Let g(p) = 74*p**3 + 1262*p**2 + 54*p - 254. Calculate g(-17).
-16
Let j(c) = 2547*c - 81516. Determine j(32).
-12
Let x(i) = i**3 - 15*i**2. What is x(0)?
0
Let k(d) = 21*d**3 - 85*d**2 - 44*d + 195. Give k(4).
3
Let f(g) = 64*g**2 - 29095*g - 128979. Determine f(459).
0
Let h(l) = -4*l**3 + 8*l**2 + 56*l + 148. What is h(-6)?
964
Let o(y) = 126*y - 4646. Calculate o(37).
16
Let m(s) = -s**3 + 3*s**2 + 882*s - 7380. What is m(9)?
72
Let f(q) = 30762*q - 399921. Determine f(13).
-15
Let u(q) = -4*q**3 - 58*q**2 + 49*q + 243. Give u(-15).
-42
Let u(i) = 323*i - 18564. What is u(58)?
170
Let w(g) = 4*g**3 + 56*g**2 + 154*g - 126. Give w(-6).
102
Let f(t) = 248363*t - 1241815. What is f(5)?
0
Let t(h) = 211*h**2 + 97*h + 119. Give t(-2).
769
Let m(i) = 3306*i + 24659. Calculate m(-6).
4823
Let q(x) = 3048*x - 35697. Give q(11).
-2169
Let k(h) = 2*h**3 - 586*h**2 - 1778*h + 608. Calculate k(296).
16
Let d(u) = 77*u**3 - 58*u**2 - 241*u - 6. What is d(-3)?
-1884
Let a(h) = h**2 + 379*h - 23. What is a(0)?
-23
Let u(x) = -24*x**2 - 12*x - 32. Determine u(3).
-284
Let u(q) = 8*q**3 + 52*q**2 + 58*q + 276. What is u(-6)?
72
Let v(x) = -x**3 + 199*x**2 - 5853*x + 207959. Give v(172).
11
Let w(z) = -117829*z - 471126. What is w(-4)?
190
Let x(q) = 35*q - 5392. Determine x(133).
-737
Let l(m) = -2*m**3 - 38*m**2 + 493*m + 531. Calculate l(-1).
2
Let m(f) = -3605*f - 4459361. Calculate m(-1237).
24
Let m(q) = -3*q**2 + 458*q - 4427. Give m(10).
-147
Let o(r) = -r**2 + 485*r + 4287. Give o(-9).
-159
Let h(m) = m**2 - 84*m + 1773. Determine h(22).
409
Let f(u) = 122*u**2 + 1673*u - 487. Determine f(-14).
3
Let n(c) = -6*c**2 + 501*c - 235. Give n(84).
-487
Let i(r) = 7355*r + 14732. Calculate i(-2).
22
Let u(a) = -3685271*a - 55279066. Determine u(-15).
-1
Let d(f) = f**3 + 53*f**2 - 308*f + 2712. Determine d(-59).
-2
Let k(m) = 332*m**2 - 97*m - 238. Calculate k(-4).
5462
Let u(z) = 15*z**2 - 382*z + 837. What is u(23)?
-14
Let g(w) = 3*w**2 + 287*w + 5535. Calculate g(-27).
-27
Let p(g) = -g**3 - 130*g**2 - 24*g - 516. What is p(-130)?
2604
Let x(m) = -74506*m - 148387. What is x(-2)?
625
Let h(s) = -s**3 - 19*s**2 + 3*s + 922. What is h(-11)?
-79
Let w(x) = -3*x**2 + 49*x + 79. Calculate w(17).
45
Let c(o) = -4*o**2 + 257*o - 2378. Give c(17).
835
Let p(m) = -5*m**2 + 318*m - 1992. Determine p(6).
-264
Let i(d) = -4*d**2 + 91*d + 1830. Calculate i(36).
-78
Let i(s) = -11*s**2 - 277*s + 10807. Calculate i(21).
139
Let w(v) = -829*v - 9482. Give w(-13).
1295
Let s(k) = -12436*k - 111927. Give s(-9).
-3
Let c(t) = 78*t**3 + 8*t**2 - 24*t + 46. Determine c(2).
654
Let v(y) = 1128*y**2 - 151*y + 150. What is v(1)?
1127
Let y(o) = 8738*o + 10492. Calculate y(-1).
1754
Let c(y) = -y**2 + 21961*y - 219519. What is c(10)?
-9
Let s(q) = 8*q**3 - 37*q**2 + 412*q - 2063. Give s(5).
72
Let u(s) = -s**2 - 10318*s + 1062852. Determine u(102).
12
Let f(a) = a**3 - 73*a**2 - 113*a - 2770. Give f(75).
5
Let d(z) = -z**3 + 41*z**2 + 509*z - 43. What is d(-10)?
-33
Let c(u) = -24*u**3 - 1897*u**2 - 75*u + 264. Calculate c(-79).
-52
Let g(r) = -131*r + 20980. Determine g(161).
-111
Let l(x) = -24*x**2 - 977*x - 4073. What is l(-36)?
-5
Let i(p) = p**3 + 222*p**2 - 442*p + 1444. Determine i(-224).
100
Let c(q) = -316*q - 15121. Give c(-47).
-269
Let g(v) = 3*v**3 + 3*v**2 - 5781*v - 6. What is g(0)?
-6
Let f(r) = r**2 + 84*r + 1689. Calculate f(-77).
1150
Let l(z) = -3*z**2 - 4076*z + 24519. What is l(6)?
-45
Let z(l) = -1218*l - 257002. Calculate z(-211).
-4
Let t(x) = -3*x**3 + 229*x**2 - 573*x + 4090. What is t(74)?
20
Let b(f) = -2*f**2 - 77009*f + 1001447. What is b(13)?
-8
Let u(p) = p**3 - 46*p**2 + 546*p + 4. Calculate u(22).
400
Let s(g) = 1482*g + 130346. Calculate s(-88).
-70
Let i(m) = -102292*m + 1125265. What is i(11)?
53
Let l(b) = 3394*b - 10140. Determine l(3).
42
Let v(t) = -t**3 + 15*t**2 + 858*t + 5669. What is v(40)?
-11
Let a(v) = 6361*v - 534302. Calculate a(84).
22
Let k(a) = 2*a**2 + 19*a + 7. Determine k(-23).
628
Let r(f) = 2*f**2 - 182*f + 2658. Determine r(13).
630
Let b(g) = -g**3 - 25*g**2 - 201*g - 7969. Give b(-28).
11
Let h(c) = -c**2 - 1063*c - 42879. What is h(-42)?
3
Let f(j) = 62*j**2 + 864*j - 4534. What is f(-18)?
2
Let t(j) = 2*j**3 - 42*j**2 - 841*j + 17623. Give t(20).
3
Let t(i) = -i**3 + 60*i**2 - 792*i + 656. Determine t(18).
8
Let w(j) = -130*j**2 + 92*j - 288. Calculate w(3).
-1182
Let q(z) = 32*z**2 - 48*z + 332. Give q(5).
892
Let q(c) = -804437*c - 8044388. What is q(-10)?
-18
Let u(s) = 360*s - 12810. Calculate u(36).
150
Let h(b) = -3459*b + 3432. What is h(1)?
-27
Let s(f) = 2*f**3 + 135*f**2 + 29*f - 2473. Calculate s(-67).
73
Let y(b) = b**3 + 96*b**2 + 439*b - 287. What is y(-91)?
1169
Let c(b) = -3325889*b + 59866007. Calculate c(18).
5
Let n(c) = c**3 + 111*c**2 + 51*c - 3281. What is n(-110)?
3209
Let g(c) = 5125*c - 1060876. Calculate g(207).
-1
Let t(i) = -i**3 - 7*i**2 - 484*i + 1535. Determine t(3).
-7
Let o(w) = -193136*w - 1351960. Give o(-7).
-8
Let s(p) = -143*p**3 + p**2 - 20*p + 32. What is s(2)?
-1148
Let f(t) = -56*t**2 - 365*t - 398. What is f(-6)?
-224
Let b(j) = -3256*j - 55463. What is b(-17)?
-111
Let s(t) = -216*t**3 - 3*t**2 + 2*t + 5. Determine s(-1).
216
Let i(c) = -43*c + 16955. Calculate i(374).
873
Let f(r) = -1848*r - 286838. Calculate f(-155).
-398
Let w(t) = 44*t**2 - 236*t - 717.